a(w).
29
Let v(y) = 5*y**3 - 8*y**2 + 4*y. Let r(d) = 2*d**3 - 4*d**2 + 2*d. Let n = 101 + -94. Let f(x) = n*r(x) - 3*v(x). Calculate f(-4).
-8
Let g(a) = a**3 - 6*a**2 - 4. Let n = 284 + -274. Suppose 0 = p + 2, p + 36 - n = 4*z. Determine g(z).
-4
Suppose -754 = -43*d - 53*d + 14. Let i(k) = -6*k**3 - 8*k**2 + 3 - k + 7*k**3 + 6. What is i(d)?
1
Let s(h) = h**2 - 5*h - 3. Suppose 3*w - 64 = 5*k, -3*k - 64 = k + 4*w. Let b = 18 + k. Determine s(b).
-7
Let n(d) = -d**2 + 6*d. Let g(h) = -11*h - 141. Let b be g(-18). Suppose 67*f - 70 = b*f. Determine n(f).
-7
Let n(q) be the third derivative of -5/24*q**4 + 0 - 3*q**2 - 1/3*q**3 + 0*q. Suppose -34*z - 42*z = -8*z - 136. Give n(z).
-12
Suppose -5*t = -4*a - 72, 3*a - 4*a - 29 = -4*t. Let v be 0 + 0 + (-8 - a). Let i(r) be the third derivative of -r**4/24 + r**3 + 3*r**2. What is i(v)?
1
Let p(i) = 2*i - 1. Let c(u) = -11*u + 8. Let w(a) = -c(a) - 5*p(a). Let x be 0*(-5 + (-8)/(-2)). What is w(x)?
-3
Let q(v) = -5 - 2*v + 3 - 1 + 2. Suppose -16 - 2 = -6*b. Suppose b*x + 3 = -3. Calculate q(x).
3
Let y(j) = j**2 + 17*j + 16. Let g be y(-16). Let f(m) = -20*m + 4 + 2*m**2 + 13*m + g. What is f(5)?
19
Let u(p) = -p + 0 + 4 + 2 - 4. Let z(n) = -n**3 - n**2 - n + 3. Let h be z(0). Suppose -h*m = -4*o - 34, -o + m - 3*m = 3. What is u(o)?
9
Let n(s) = 3*s + 1. Suppose -17*i + 319 = -6*i. Let l(b) = -i*b + 12*b + 14*b - 2. Let o(a) = -5*l(a) - 6*n(a). Calculate o(3).
-5
Let j(v) = -21*v - 2962. Let x be j(-141). Let i(h) = -40*h**2 - 2*h - 3. What is i(x)?
-41
Let t = -394 + 401. Let m(v) = -v. Let d(b) = -14*b - 10. Let f(g) = d(g) - 10*m(g). Calculate f(t).
-38
Suppose -2*y - 11 = h, -2*y - 3*y + 2*h = 50. Let a(c) = -9*c**2 - 30*c + 17. Let j(x) = -2*x**2 - 5*x + 2. Let f(d) = a(d) - 4*j(d). Calculate f(y).
25
Let l(q) be the first derivative of 1/2*q**2 - 12*q + 290. Calculate l(11).
-1
Let m(b) = -b**3 + 8*b**2 + 8*b - 12. Let t = 4775 + -4766. What is m(t)?
-21
Let h(r) = -3*r**2 + 31*r - 21. Let a be (((-50)/(-15))/2)/((-45)/(-243)). Determine h(a).
15
Let g(l) = -l**3 + 4*l**2 - 3*l - 1. Let w be (2/(-4))/((-13)/520). Let v = 24 - w. Suppose -m + 2*q = -11, 15 = -v*m + 5*m - 3*q. What is g(m)?
-1
Let x(c) = 71 + 0*c - c**2 - 5*c - 126 + 58. Let k = 7 - 12. Calculate x(k).
3
Let p(x) = -x**3 - 11*x**2 + 27*x + 8. Let z = -3935 - -3922. Determine p(z).
-5
Let s(g) = -g**3 + 3*g - 4 + 2 - 35301*g**2 + 35297*g**2 - 7*g - 4*g. Give s(-3).
13
Suppose -4*o - 20 = -2*j + j, 3*j + 3*o = 15. Suppose j*p - 5 = -37. Let s(a) = -a**2 - 10*a + 1. Let w(h) = h - 1. Let c(m) = -s(m) - 5*w(m). Give c(p).
0
Let a = 265 - 260. Let l(z) = -z**3 + 4*z**2 + 4*z + 10. Calculate l(a).
5
Suppose 1 = -4*s - 3*r, 1383*r = 1387*r + 44. Let m(t) = 2*t**3 + 7*t**2 + 8*t - 2. Let w(k) = -k**3 - k. Let z(n) = -m(n) - 3*w(n). What is z(s)?
26
Suppose 4*d = -5*f - 36, -3*f - d + 2*d = 8. Let s(w) = 245 - 481 + 238 + 2*w - 3*w**2 - w**3. What is s(f)?
10
Let r(b) = 3*b**2 - 6*b - 20. Let g = -1005 + 1009. Calculate r(g).
4
Suppose -4*j + 5*i = j + 5, 4*i + 11 = j. Let b be ((-48)/(-4))/(-4) - -5. Let d(a) = -2*a**2 - 8*a + 0 - 2 + 1 - b. Calculate d(j).
-13
Let t(j) = 1 + 4 - 5 + 4*j + 1. Suppose -284*h - 179*h - 684 = -121*h. What is t(h)?
-7
Let m(a) be the first derivative of 11*a**2 + 4*a - 4*a - 10*a**2 - 7 + 5*a. Calculate m(-5).
-5
Let v(u) = 9*u**2 - 78*u - 68. Let d(m) = -10*m**2 + 78*m + 80. Let a(c) = -6*d(c) - 7*v(c). Determine a(26).
-4
Let s(n) = -2*n - 8. Let j be s(0). Let f(o) = -o**2 - 7*o + 12. Let r be f(j). Let y(u) = -u - 3*u - 1 - r. What is y(-5)?
15
Suppose 3*r - 1 = 2*y, 39*y - 1 = 35*y + 5*r. Let h(p) = -p**3 + 5*p**2 - 2*p + 6. What is h(y)?
14
Let n(j) be the third derivative of 13*j**5/20 + j**4/8 - j**3/3 + 2456*j**2. Determine n(1).
40
Let v(f) = -f**3 - 29*f**2 - 29*f - 21. Let h be v(-28). Suppose -h*p - 15 = -57. Let d(x) = -x**2 + 6*x + 4. What is d(p)?
4
Let d(b) = 2*b**2 - 2*b - 2. Let v be 9/(-6)*(-16)/(-6). Let y(x) = x**2 + 3*x - 2. Let m be y(v). Let j be d(m). Let w(s) = s - 2. Determine w(j).
0
Suppose 0 = -0*u - 2*u + 16. Let b(m) be the third derivative of -m**5/60 + 7*m**4/24 + m**3 - 265*m**2 - 30*m. Give b(u).
-2
Let j(r) = 0*r**3 - 24*r**2 + 10 - r**3 - 79110*r + 79109*r + 14. What is j(-24)?
48
Let o(u) = u**3 + 9*u**2 - 2*u - 17. Let p = 1285 - 1294. Determine o(p).
1
Let l(c) = -5*c - 8. Let u(f) = 14*f + 23. Let g = -82 - -84. Suppose 2*m - g*p = 10, -2*m + 4 = -m - 2*p. Let j(v) = m*u(v) + 17*l(v). Calculate j(5).
-3
Let l(n) = -84 - n**2 - 83 - 9*n**2 + 168. Let h = 2 - 3. Let g = 2 + h. What is l(g)?
-9
Let w(q) = 126*q**2 - 4*q - 5*q - 124*q**2 + 2. Let c be w(3). Let g(a) = 0*a + 23 - 15 + 0*a + 3*a. Determine g(c).
-13
Suppose -2*p - 2 + 10 = 0. Suppose -3 = -v - p*x + 23, -4*v + 14 = -2*x. Let s(d) = 3*d**2 - v - 2*d - 5*d**2 - 3*d + 3*d**2. Calculate s(5).
-6
Let d(b) be the first derivative of 1/60*b**5 + 8*b**2 + b**3 + 0*b + 15 + 5/24*b**4. Let o(h) be the second derivative of d(h). Determine o(-5).
6
Let m(s) = -11*s + 0 - 3*s - 11. Determine m(-1).
3
Let i = 3 - 2. Let m = -4 + i. Let a(t) = 11*t**3 - 15*t**2 + 5*t + 15. Let k(l) = 18*l**3 - 24*l**2 + 8*l + 24. Let u(v) = 13*a(v) - 8*k(v). What is u(m)?
0
Let t(q) be the second derivative of 1/3*q**4 + 0 + 1/2*q**2 - 2/3*q**3 - 1/20*q**5 - 41*q. Calculate t(4).
-15
Let f(x) be the second derivative of -x**6/120 + x**5/20 - x**4/12 + x**3/2 + 209*x**2/2 + 3*x + 5. Let q(l) be the first derivative of f(l). What is q(3)?
-3
Let y(b) be the first derivative of -28 + 29*b + 0*b**2 + 1/12*b**4 - 1/3*b**3. Let i(h) be the first derivative of y(h). Give i(4).
8
Suppose -29 = -6*v - 5. Suppose -5*i = -u + 8, 4*i + 4 = -v. Let d(q) = -11*q + 2. Give d(u).
24
Let y(d) = 21*d + 91. Let c(s) = 18*s + 93. Let t(w) = 6*c(w) - 5*y(w). Determine t(-35).
-2
Let g(d) = 5*d**2 - 7*d + 13. Let z(x) be the first derivative of x**3/3 + 3*x - 133. Let s(k) = -g(k) + 6*z(k). Determine s(-6).
-1
Let f(j) = -4*j - 36. Suppose 2*g - 5*g = -3*l - 36, 3*l + 41 = -2*g. Calculate f(l).
16
Let g(k) be the first derivative of -k**4/4 - 7*k**3/3 - 9*k**2/2 - 11*k - 519. Calculate g(-5).
-16
Suppose 299 = -4*x - 85. Let k = -96 - x. Let p(y) = k + 2*y + 0 - 1 - y. Calculate p(4).
3
Let h be ((-3)/(15/(-2)))/((-3)/195). Let i = 39 + h. Let k(w) = 6 - 3 + w - 4 - i*w**2 - 3*w. What is k(-1)?
-12
Suppose a = -5, 5*a = -3*f - 26 - 11. Let i(y) = -3*y**2 + 5*y - 1. Let j(h) = 4*h**2 - 7*h + 3. Let z(r) = -3*i(r) - 2*j(r). Calculate z(f).
17
Let i(g) = 53*g + 2. Let u(n) = -35*n - 1. Let l(f) = 2*i(f) + 3*u(f). Let b be ((-1)/(-2))/(2/(-8)). Give l(b).
-1
Suppose -2*n + 4*n - 12 = 0. Let w(b) = 57 - 31 - b - 27 - 8*b**2 - 20*b**2. Let m(j) = -13*j**2 - 1. Let v(x) = -13*m(x) + 6*w(x). Calculate v(n).
7
Suppose -9 = -q - 2*p, -p - 5 = 4*q - 13. Let w(h) = -14*h + 2. Determine w(q).
-12
Suppose -2*a + q = -1125, -2*a + 5*q + 1113 = -0*a. Let i = 574 - a. Let o(r) = -r + 7. Calculate o(i).
-3
Let n = 103 - 99. Let f(m) = -23*m**3 - 7*m + 45*m**3 - 21*m**3 + n*m**2 - 4. Let s(x) = -x**2 + 11*x - 5. Let j be s(11). Calculate f(j).
6
Let d(s) = -7*s - 15. Let w be d(-4). Suppose 2*t = w*x - 16*x + 8, -4*t + 4 = 0. Let l(v) = -v**3 - v**2 + 2*v. Determine l(x).
-8
Let j(s) = -4*s - 2. Let h = -68 + 67. Let i be h/(-5) + (-16)/5. Calculate j(i).
10
Let m(h) = h - 9. Let f(a) = -12*a + 298. Let t be f(25). Determine m(t).
-11
Let m(s) = s**2 - 4*s - 4. Let z(q) = 3*q**2 - 13*q - 17. Let x(f) = 4*m(f) - z(f). Determine x(6).
19
Let h(y) = 3*y**2 - 33*y - 13. Suppose -606*f + 3330 = -82*f - 2434. Give h(f).
-13
Suppose -47 = -q - 42. Suppose q = v - z, 2*v - 5*v - z - 5 = 0. Let l(s) = -s**3 - s**2 + 2. Give l(v).
2
Let w(t) = t**3 + 7*t**2 + 5*t - 7. Let g be (-10)/(-85) + 700/119. Suppose -c - 22 = 3*p, 3*p + g*c = 9*c - 6. Give w(p).
-1
Suppose -v = 4*w - 7 + 26, -5*w - 30 = 0. Let q(a) = 2*a**3 - 12*a**2 + 3*a - 4. Calculate q(v).
-39
Suppose 85*i + 75 - 215 = 113*i. Let x(h) = h**3 + 5*h**2 + 3*h + 1. Give x(i).
-14
Let n(i) be the second derivative of -i**4/4 + 17*i**3/3 + 69*i**2/2 - 7404*i. Determine n(13).
4
Let s(k) = 0*k - 7*k - 3*k + k - k - 3*k**2 + 5. Let v(n) = 8*n**2 + 29*n - 15. Let g(b) = 11*s(b) + 4*v(b). Calculate g(4).
3
Let a(m) = 4*m + 7